me factors of n.
3, 29
Suppose 0 = -4*g + 2*z - 0 + 2, -3*g + z = 0. Let q(t) = 8*t**2 - t. List the prime factors of q(g).
3
Let k = 51 + -50. Let h(g) = 2*g + 4. Let l be h(-3). What are the prime factors of (-1 - (-11 - l))/k?
2
Let a = 82 - 6. List the prime factors of a.
2, 19
Let z(q) = -3*q**3 - 5*q**2 + 4*q - 3. Let u(a) = a**3 - a. Let f(t) = -2*u(t) - z(t). What are the prime factors of f(-5)?
13
Let j = -71 - -111. Suppose 4*q = l + 2*l - 70, 4*q - j = -2*l. What are the prime factors of l?
2, 11
Let q(u) = 2 - 6 - u + 0*u. Let n be q(-7). Suppose -v - n*v + 68 = 0. What are the prime factors of v?
17
Suppose 0*j - 2*j = 4. Let l be (j/4)/((-5)/(-30)). Let c = l + 11. What are the prime factors of c?
2
Let l(o) = -o**2 - 8*o. Suppose 4*f - f = -24. Let s be l(f). Suppose z + 1 = -s*z, 0 = 5*c - z - 36. What are the prime factors of c?
7
Suppose -3*f + 5 = -1. Suppose -3*q - 3 = 0, -5*q = 3*h - f - 8. Suppose 3*m = -5*x + 11, 0*x - 2*x - 39 = -h*m. What are the prime factors of m?
7
Suppose -3*i - 143 = -6*i - 5*x, -3*x = -2*i + 127. What are the prime factors of i?
2, 7
Let k = -5 - -8. Suppose 0 = -u - 2, 0*u + 24 = 2*n + k*u. What are the prime factors of n?
3, 5
Let f(l) = -l**3 + l + 15. Let t be (2 + -2 - 0)*1. What are the prime factors of f(t)?
3, 5
What are the prime factors of (-2172)/(-54) - (-2)/(-9)?
2, 5
Let a = 45 + -32. Let i = 5 + a. List the prime factors of i.
2, 3
Let v = -9 + 7. Let z be v/(-6) + (-1)/3. Suppose 3*p + 2*d + 11 - 42 = z, -5*p + d + 43 = 0. What are the prime factors of p?
3
Suppose -177 = 3*u - 6*u. What are the prime factors of u?
59
Let g = 1 - -15. Suppose -14 = 4*b + 2. Let q = g + b. List the prime factors of q.
2, 3
Suppose -5*z - 4*g = 6 - 3, -1 = -3*z - g. Let r = -16 - -13. List the prime factors of ((-34)/6)/(z/r).
17
Suppose -c + 9*j = 8*j - 19, 6 = -2*j. What are the prime factors of c?
2
Suppose 2*f = 2*o - 2*f - 22, -3*f = 2*o + 6. Suppose -5*j = -3*l + 5*l, -5*l = -o*j + 31. List the prime factors of (j/(-4))/(1/(-22)).
11
Let k(h) be the second derivative of h**4/12 - h**3 + 2*h**2 - 2*h. Let a be k(6). Suppose -6*u + a*u = -10. What are the prime factors of u?
5
Let f = 2 + 3. Let r(u) = u**3 - 7*u**2 + 8*u - 6. Let c be r(f). Let v = c - -22. What are the prime factors of v?
2, 3
Suppose -59 = -3*p + t, 4*p - 102 = 2*t - 22. Let k be 3/(-1 - 2) - -1. Suppose -4*h + p + 1 = k. List the prime factors of h.
5
Let l = 8 - 6. What are the prime factors of 65/l*12/15?
2, 13
Let a(t) = 2*t**2 + 6*t - 6. Let j be (-14)/2 - (3 - 4). What are the prime factors of a(j)?
2, 3, 5
Suppose 2*i = -o + 78, 4*i = -9*o + 14*o + 170. What are the prime factors of i?
2, 5
Let a(f) = 11*f**2. Suppose 2*s + 2*s = -4. What are the prime factors of a(s)?
11
Let l(t) = 9*t - 13. Let o be l(6). Let a = o + -9. What are the prime factors of a?
2
Let q = 13 + -9. Suppose q*o = 180 - 48. List the prime factors of o.
3, 11
Let z(l) = -l - 4. Let f be z(8). List the prime factors of 19/2 + 6/f.
3
Let b(v) = v**3 + 5*v**2 - 5*v - 3. Let t be b(-5). Let m = t - 8. Suppose -2*s = -20 - m. What are the prime factors of s?
17
Let p be (-3)/(27/15)*-3. Suppose 4*q = 17 - p. What are the prime factors of 3/2*2*q?
3
Let i = 39 - 3. What are the prime factors of i?
2, 3
Suppose 2*c - 8 = 12. Let f be ((-32)/c)/2*-5. Suppose 0 = 3*v - f*v + m + 86, -4*m = -2*v + 20. What are the prime factors of v?
2, 3
Suppose 3*h - 12 = 0, -3*h + h = -2*k - 4. Suppose k*a = 5 + 35. List the prime factors of a.
2, 5
Suppose -33 = -3*w - 3*o, -5*o - 10 = 5. What are the prime factors of w?
2, 7
Let k(y) = 2*y**2 - 4*y - 3. Let b be k(-2). Suppose -l + b = -10. List the prime factors of l.
23
Let c = 19 - -12. What are the prime factors of c?
31
Suppose 0 = -4*u + 4*z + 164, u + 2*z - 26 - 6 = 0. List the prime factors of u.
2, 19
Let t(w) = 2*w - 1. Let n(b) = b**3 + 11*b**2 - 12*b + 7. Let o be n(-12). Let r be t(o). Let c = 1 + r. What are the prime factors of c?
2, 7
Let b be (-1 + 6)/(1/1). Suppose -l - b = -20. What are the prime factors of l?
3, 5
Suppose 0 = -5*o + 5*p - 5, 14 = 3*p + 5. List the prime factors of o.
2
Let n(h) = -23*h - 4. Let z(x) = -23*x - 3. Let t(a) = 4*n(a) - 5*z(a). Let l be t(-1). What are the prime factors of ((-8)/12)/(2/l)?
2
Let u be 4/(-14) + 186/14. Let r = 6 + u. List the prime factors of r.
19
Suppose -7*m + 579 + 23 = 0. What are the prime factors of m?
2, 43
Suppose -5*d + 2*z + 0 = -11, -2*z + 10 = 2*d. Suppose -d*s + 4 = -2*s. Suppose 3*q + 9 = 0, s*c + 0*c = -5*q + 29. List the prime factors of c.
11
Let r(b) = -b**2 + 9*b + 1. Let l be r(10). Let m = l + 19. Suppose h + 4 = m. What are the prime factors of h?
2, 3
Suppose 0 = -2*h - 0*h + 2. Let w = h + 2. Suppose w*k + 10 = 1, -3*k + 25 = 2*d. What are the prime factors of d?
17
Suppose 5*z + 0*z - 150 = 0. Suppose -2*m = m - z. Let i = m + -7. List the prime factors of i.
3
Suppose 4*m = 4*x + 792, -2*x + 594 = m + 2*m. List the prime factors of m.
2, 3, 11
Let o(l) = -l**3 - 9*l**2 - 7*l - 7. Let q be o(-9). Suppose 4*g + 0 - q = 0. What are the prime factors of g?
2, 7
Let h be (-4)/(-10) - 278/(-5). Suppose h = 4*o - 12. List the prime factors of o.
17
Let b(v) = -v**2 + 5*v + 7. Let d be b(6). Suppose 2*a + 41 = 5*w, a = 2*w - d - 16. What are the prime factors of w?
7
Suppose -3 = -o - 2*o. Let k = o + 5. List the prime factors of k.
2, 3
Suppose 5*m + x = m + 273, 0 = 4*m - x - 263. List the prime factors of m.
67
Suppose -4*x + 420 = -g - g, -2*x + 210 = g. What are the prime factors of x?
3, 5, 7
Let d(m) = -2*m**3 - 6*m**2 - 2*m + 10. What are the prime factors of d(-3)?
2
Suppose 5*k + 267 = 2*m, -3*m + 2*m - 5*k = -96. What are the prime factors of m?
11
Let t(a) = -3*a**2. Let k be t(1). Let o be (-8)/12 - 2/k. Suppose o = 2*l - 12. List the prime factors of l.
2, 3
Let g be 4*(-2 + 10/4). List the prime factors of ((-4)/(-8))/(g/28).
7
Suppose -u = 2*u - 183. What are the prime factors of u?
61
Let g(p) = -p**3 - 4*p**2 - 2*p - 1. Let f be g(-5). Suppose 5*l - 78 = -2*o, -l - 3*o - 2*o = -f. List the prime factors of l.
2, 7
Suppose 0 = -4*w - 2*r + 38, r + 23 = -0*w + 4*w. Suppose -2*m - 25 = -5*c - w*m, -m = 3. List the prime factors of c.
2
Suppose -5*w + 12 + 48 = 0. List the prime factors of w.
2, 3
Let d = -14 + 10. What are the prime factors of 1704/78 + d/(-26)?
2, 11
Let y(r) = r**2 - 14*r - 8. Let c be y(15). Suppose -3*z = -c*z + 132. List the prime factors of z.
3, 11
Suppose 128 = -v + 3*v. Suppose 3*f + h = v, 0 = f - 4*h + 2 - 6. What are the prime factors of f?
2, 5
Let s(h) = -h**3 - 20*h**2 - 8*h + 26. What are the prime factors of s(-20)?
2, 3, 31
Let z(l) = 4*l**2 + 4*l - 10. Let a(t) = -5*t**2 - 4*t + 11. Let i(q) = 3*a(q) + 4*z(q). List the prime factors of i(-6).
5
Let c be (18/(-15))/(2/(-15)). Suppose o - 79 = -4*q + c, 5*o = -4*q + 72. List the prime factors of q.
23
Let m(n) = -n**3 + 9*n**2 - 8*n + 4. Let u be m(8). Suppose 2*y - 2 = u*y. List the prime factors of 20/(-2)*y + 0.
2, 5
Let u be (-101)/(-2) - 4/8. Let s = 22 + -13. Suppose -u = -s*b + 4*b. List the prime factors of b.
2, 5
Let d = -8 - -74. What are the prime factors of d?
2, 3, 11
Suppose 3*p - 10 = p. Let q(t) = -4*t + 3 - t**3 + 5*t - 4*t + p*t**2 + 0*t**2. List the prime factors of q(3).
2, 3
Suppose -5*v + c + 243 = 0, 4*v - 276 = -3*c - 93. List the prime factors of v.
2, 3
Let c(q) = -2*q**3 + 4*q**2 + 3*q - 1. Let i be c(-3). Suppose -5*y + i = 5*v - 0*y, -y + 30 = 2*v. What are the prime factors of v?
2, 7
Let q(k) = 2*k + 2. Let y be q(6). Suppose v - b - y + 5 = 0, -4*v + 3*b = -39. What are the prime factors of v?
2, 3
Let c(l) = 2*l**2 - 7*l + 29. List the prime factors of c(-10).
13, 23
Let b(n) = -4*n + 4. Let h be b(3). Let l = -48 - -26. Let w = h - l. List the prime factors of w.
2, 7
Suppose -y + 3*i - 19 = -3*y, 5*i + 43 = 2*y. List the prime factors of y.
2, 7
Let g(p) = 9*p**3 - 23*p**2 + 7*p - 4. Let s(d) = -5*d**3 + 12*d**2 - 4*d + 2. Let i(n) = 6*g(n) + 11*s(n). List the prime factors of i(-6).
2, 5
Let q(o) = o**2 - o. Let m(l) = 2*l**2 - 4*l + 1. Let i(v) = m(v) - 3*q(v). Let j be i(-2). List the prime factors of -1*1/(j/14).
2, 7
Let r(f) = f**3 - f**2 - 2*f + 218. List the prime factors of r(0).
2, 109
L